s the highest common divisor of a and 4?
4
Let z(o) = 5*o**2 - 9*o - 5. Let n(t) = 4*t**2 - 9*t - 5. Let v(f) = -4*n(f) + 3*z(f). Let c be v(9). What is the highest common factor of c and 20?
5
Let s(r) = -r**2 + 10*r + 2. Let p be s(9). Suppose 0 = l - 81 + p. What is the highest common factor of l and 14?
14
Let s be (-1 - -2)/(7/56). Calculate the greatest common divisor of 32 and s.
8
Let m be (-6)/21 + (-1544)/(-14). What is the greatest common divisor of 22 and m?
22
Let m be ((-14)/21)/(4/(-18)). Suppose w + 0*w + m*z = 67, 2*z = -4*w + 278. Let r be (-2 - 0)*(-8 + 1). What is the greatest common divisor of w and r?
14
Let u(o) = o - 1. Let s be u(4). Let b be (-824)/(-40) + (-6)/(-15). Calculate the highest common factor of s and b.
3
Suppose 2*q - 35 - 35 = 0. What is the greatest common factor of 14 and q?
7
Let l = 75 - 15. Let p be -1 + -2 + (8 - -19). What is the highest common divisor of l and p?
12
Suppose 94 = -2*v + 380. What is the highest common factor of 13 and v?
13
Let f(m) = m**2 + 10*m + 19. Let i be f(-9). What is the greatest common divisor of 50 and i?
10
Suppose 2*r - 720 = -18*r. Let q(a) = a**3 - 2*a**2 + 6*a - 2. Let d be q(4). What is the greatest common divisor of r and d?
18
Let l be (98/(-35))/(2/(-5)). Let f = l + 5. Calculate the greatest common divisor of 30 and f.
6
Let f be ((-33)/(-2))/((-3)/(-4)). Suppose -2*r = -0*r - f. What is the greatest common factor of 66 and r?
11
Suppose 0*i = -2*i + 4. Suppose 3*x = -5*j + x + 68, -8 = -i*x. Let a(c) = c**2 + 3. Let h be a(9). Calculate the greatest common factor of j and h.
12
Suppose -5*y - q = -199, -1 = 4*q + 3. Let a = -1 + 6. What is the highest common factor of y and a?
5
Suppose 2*w - 2*u = 16, -u - 32 = -3*w - 8. Suppose -n + 3*n - w = 0. Calculate the highest common factor of n and 44.
4
Let q = -8 + 34. Calculate the greatest common factor of 78 and q.
26
Suppose 0 = -2*z + 12 - 8. What is the highest common factor of z and 22?
2
Let x = 4 + 1. Calculate the highest common divisor of x and 45.
5
Suppose 565 = 8*v + 125. What is the highest common divisor of 33 and v?
11
Let g(s) = s**2 + 5*s + 3. Let x be g(-5). Calculate the greatest common divisor of 6 and x.
3
Let o(n) = 29*n**3 + 2*n**2 - 1. Suppose -4*v - 3*q - 8 = 0, 3*v + 5*q = -19 + 2. Let w be o(v). What is the highest common factor of 12 and w?
6
Let m(v) = 3*v - 50. Let n be m(17). What is the highest common factor of n and 17?
1
Suppose -5*b = -3*f + 62, -b + 2*b = 2. Suppose d = 25 + f. Let r be -2 + (-4)/((-8)/18). Calculate the highest common divisor of d and r.
7
Suppose 4*q = -2*j + 12, -q - 4 = j - 6. Calculate the highest common factor of q and 36.
4
Let x be 1/(-2)*-4 - -16. Let w(u) = u**2 + 5*u + 6. Let d be w(-4). Calculate the greatest common divisor of x and d.
2
Suppose -350 = 9*m - 11*m. Calculate the highest common factor of 25 and m.
25
Let p = -7 - -4. Let j be (-3)/2*154/p. Calculate the greatest common factor of j and 11.
11
Suppose -d = -152 + 32. Let z be (-98)/(-5) - (-4)/10. Calculate the greatest common factor of d and z.
20
Let q be (-68)/(-18) - 4/(-18). Suppose 0*s = -2*s - q, h - 5*s - 87 = 0. What is the greatest common factor of h and 11?
11
Suppose -10 = 2*w - 34. Suppose 0 = o + q - 89 - 40, -4*o = q - 525. Calculate the greatest common divisor of o and w.
12
Let x = 16 - 5. What is the highest common factor of 44 and x?
11
Suppose w - 2 - 15 = 0. Calculate the greatest common divisor of w and 85.
17
Let y(o) = -o**3 + 12*o**2 + 16*o + 1. Let t be y(13). What is the greatest common factor of 5 and t?
5
Let f = -93 + 183. What is the highest common divisor of f and 9?
9
Let t(f) = -12*f - 5. Let g be t(-2). Let v be ((-10)/2)/((-1)/11). Suppose -5*d + 720 = v. What is the greatest common factor of g and d?
19
Let c be (-1 + 0)/((-1)/18). Suppose -2*z - 13 = -1. Let t be 44*-1*27/z. Calculate the greatest common factor of t and c.
18
Suppose 3*w - 18 = 4*n - 3*n, -3*w + 24 = -3*n. Let k = 6 - w. Let z be (6/15)/(k/190). What is the highest common divisor of 19 and z?
19
Suppose -3*k = -2*u - 613, -4*u - 1005 = -5*k - 9*u. What is the greatest common divisor of k and 29?
29
Let k be (3 + -2)*-2 + 16. Suppose 4*f - 2*s = 0, s - k = -3*f - 2*f. Let v be (1 - f)*(-5 + 3). Calculate the greatest common factor of 2 and v.
2
Let p = -131 + 135. Calculate the greatest common factor of 32 and p.
4
Suppose -3*w = -8*w + 20. Suppose -2*p - 2*p = -144. Calculate the highest common divisor of p and w.
4
Suppose 10 + 0 = -c. Let d = 0 - c. Calculate the greatest common divisor of d and 90.
10
Let d(u) = -u**3 - 5*u**2 + 6*u + 3. Let y be d(-6). Let a be 3/4 - y/(-12). Let v = 25 + -21. What is the highest common divisor of a and v?
1
Suppose 4*r = 9*r - 770. What is the greatest common factor of 14 and r?
14
Let b be (-141)/27 - 2/(-9). Let x = b - -6. Let f(c) = 21*c**2 - 1. Let l be f(x). Calculate the highest common factor of l and 50.
10
Let d be 126 - 0/(-1)*-1. Suppose -4*c + 198 = -d. Let k be (3/(-5))/(2/(-30)). What is the highest common factor of c and k?
9
Let p(m) = -17*m - 11. Let b be p(-5). What is the highest common factor of 37 and b?
37
Let u(s) = 8*s - 63. Let r be u(9). Let q be (-4)/6*(-6)/4. What is the highest common divisor of q and r?
1
Suppose 0 = -2*b - 4*r + 112 - 24, -2*b + 2*r + 70 = 0. What is the greatest common factor of 19 and b?
19
Let b = 101 + -77. What is the highest common factor of 216 and b?
24
Let l be 2664/42 - 12/(-21). What is the highest common factor of l and 16?
16
Let w = 3 - 3. Suppose c - 3*c + 22 = w. Suppose -2*i - 16 = -p, -2*p - i + c = 2*i. What is the greatest common factor of p and 10?
10
Let o(u) = -u**2 - 14*u + 20. Let p be o(-13). What is the greatest common divisor of p and 22?
11
Suppose 16*j = 20*j - 44. What is the highest common divisor of 44 and j?
11
Suppose -r = -3*n + 16, -2*n + 5*r - 4*r = -10. What is the greatest common divisor of 33 and n?
3
Suppose 0 = 5*p + 5*p - 5360. Calculate the greatest common factor of 67 and p.
67
Let f be 24/5 + 8/40. What is the highest common factor of 45 and f?
5
Let g(i) = i**2 + 9*i + 28. Let d be g(-16). What is the greatest common divisor of 20 and d?
20
Suppose -11*w = -w - 200. What is the greatest common factor of w and 30?
10
Let w = 0 - 2. Let h be (-1)/w*-4 - -34. Calculate the greatest common divisor of h and 8.
8
Let i = 29 - 19. Suppose -75 = -u + 35. Calculate the highest common factor of u and i.
10
Suppose 0 = -4*q + l - 0*l + 53, 0 = -4*l + 12. What is the greatest common factor of q and 56?
14
Suppose -5*v = 2*i - 204, 5*i - 2*v = -v + 510. Calculate the highest common factor of 34 and i.
34
Suppose -62 = -5*c - 2*t, -2*c + 3*t - 16 = -56. What is the highest common factor of c and 14?
14
Let w = 16 + -9. Let l be 1701/w - (0 - -1). Calculate the greatest common divisor of l and 22.
22
Let g be (4 - 2 - 0) + -1. Let z be 36 - g/(-3)*-3. What is the greatest common factor of 5 and z?
5
Suppose -5*u = -j - 84, -3*u + 5*j = -33 - 13. Calculate the greatest common divisor of 187 and u.
17
Let b = 2 + 0. Suppose 5*c - 4*w = 792, b*c + w - 327 = 6*w. Let v be c + (-2 + 2 - 2). What is the greatest common divisor of v and 14?
14
Let l be 4 - 3 - 0/3. Let j be l/2 + (-47)/(-2). What is the highest common divisor of 264 and j?
24
Let x be 298/10 - 5/(-25). Suppose -5*p = 10 - x. What is the highest common divisor of p and 2?
2
Suppose u = -4*c - 10, -3*u + 2*c = 4*c. Suppose -65 = -u*z + 155. Calculate the greatest common divisor of 10 and z.
10
Suppose 0 = -0*r - 2*r + 22. Let a = r - -1. Let v(c) = 24*c. Let t be v(4). Calculate the greatest common factor of a and t.
12
Suppose -2*v - 3*n + 1 = 0, -2*v + 3*v = 4*n + 28. Let i(x) = -6*x + 4. Let b be i(-10). Calculate the greatest common divisor of v and b.
8
Let l(g) = -3*g - 4. Let b be 72/(-8)*4/6. Let q be l(b). Calculate the greatest common divisor of 154 and q.
14
Suppose -4*s - 4*o = -112, -3*s - s + 112 = 3*o. Calculate the greatest common divisor of s and 7.
7
Suppose -4*q = -0*q - 72. Calculate the highest common factor of q and 9.
9
Let c(n) = 2*n**2 + 6*n + 9. Let i be c(-4). Calculate the greatest common factor of 170 and i.
17
Let r(c) = 7*c - 4. Let b be r(7). What is the highest common 